72597 - -72648. Suppose -3*i + 96 = 18. Calculate the remainder when l is divided by i.
25
Let u(q) = -760*q + 3195. Calculate the remainder when u(4) is divided by 42.
29
Suppose 103*h - 105*h = -4. Let d(n) = -18*n**2 - 25*n**2 - 7*n + 14 - 20*n**h + 62*n**2. What is the remainder when d(-7) is divided by 4?
2
Suppose 2*l = 3*l - 2. Suppose -9 = -14*h - 23. Calculate the remainder when 63/(-42)*h*2*1 is divided by l.
1
Let t = -2700 - -2963. What is the remainder when t is divided by 83?
14
Let u = 2543 - 1721. What is the remainder when u is divided by 40?
22
Suppose -12*z = -17*z - g + 4034, -5*z - 4*g = -4046. Calculate the remainder when z is divided by 161.
1
Let o = -1448 - -2089. Let a = -367 + o. Let z = -167 + a. Calculate the remainder when z is divided by 11.
8
Let o(g) = 20*g**3 - 2*g**2 - 6*g - 5. Let r be o(-1). Calculate the remainder when 35 is divided by 6 - 2/6*r.
9
Let n be 4 - 20/(-12) - 10/15. Suppose 0 = 3*h + 3*p - 48, -n*h = 24*p - 22*p - 89. What is the remainder when 105 is divided by h?
10
Suppose -4626 = 11*w + 2799. What is the remainder when 110 is divided by ((-14)/21)/(10/w)?
20
Suppose -7*j + 50 = -9*j - 4*h, 0 = -2*j + 4*h - 50. Let p(a) = 5*a + 139. What is the remainder when (6/(-8))/((-2)/136) is divided by p(j)?
9
Let n(j) = j**2 - j - 5. Let b = -630 - -641. What is the remainder when n(-9) is divided by b?
8
Let u be (-24)/(-9)*(5 - -19). Suppose 68 = 4*y - 2*z - 60, 4*z = 2*y - u. Calculate the remainder when y is divided by 11.
10
Let f(b) = b**3 + 4*b**2 + 2*b + 5. Suppose 5*n = 3*p + 31 - 7, -5*p = n + 12. What is the remainder when 20 is divided by f(p)?
4
Let a = 24097 - 24021. Let g(i) = 8*i**2 + 8*i + 6. Calculate the remainder when g(-6) is divided by a.
18
Let s be 6/10 + 77/5. Let f = 23 - s. Let r(k) = 2*k - 5. What is the remainder when r(16) is divided by f?
6
Let o = 16 + 7. Let a = -2084 + 2174. Calculate the remainder when a is divided by o.
21
Suppose 154*z = 149*z - 5*d + 90, -z - 3*d + 6 = 0. Calculate the remainder when 1535 is divided by z.
23
Let d = 8134 - 5636. What is the remainder when d is divided by 9?
5
Let z(u) = u**2 - 6*u - 70. Let b = 6 + -6. Suppose 3 = -b*x + x. What is the remainder when x is divided by z(12)?
1
What is the remainder when 16/(256/9424) - 1*-4 is divided by 17*(-15)/(3 + -6)?
83
Suppose z - 105 + 100 = 0. Suppose -9*o - j = -11*o + 107, z*o - 254 = -2*j. What is the remainder when 107 is divided by o?
3
Calculate the remainder when 134 is divided by (42/3 - 20)/((-9)/102).
66
Let i be (35/(-3))/((-4)/12). Let n = -13 + i. Let l = -83 + 92. What is the remainder when n is divided by l?
4
Let z = -464 - 69. Let x = -450 - z. What is the remainder when x is divided by 20?
3
Let h be 72/100*(-60)/9*-5. Suppose 5*a = h + 51. Suppose 322 = 2*y - w - 139, 0 = -3*w + a. Calculate the remainder when y is divided by 59.
56
Let t = -6505 + 6763. Calculate the remainder when t is divided by 102.
54
Suppose 11*f = 7*f + 256. Suppose -184 + f = -5*v. Calculate the remainder when 261 is divided by v.
21
Let f be (-325)/(-26) + 2/(-4). Suppose 0 = 2*p - 20 - f. Calculate the remainder when (-2 - (-388)/8)*(0 + 2) is divided by p.
13
Let g = -92 - -91. What is the remainder when ((-45)/6)/(1/(-6)) is divided by (-82)/(-5) + g*(-6)/(-15)?
13
Let r(m) = 11*m + 51. Let b be r(2). Suppose q - i = b - 6, -4*i + 134 = 2*q. Calculate the remainder when q is divided by 54.
13
Let s(u) be the second derivative of 19*u**5/20 - 2*u**4/3 - u**3/2 + 5*u**2/2 + u + 8. Calculate the remainder when s(2) is divided by 32.
23
Suppose -4*n + 89 = -2*v - v, -4*v - 5*n - 129 = 0. Let x = v - -43. Suppose 0 = -6*f + 36 + x. Calculate the remainder when 21 is divided by f.
5
Let a(r) = 29*r**2 - 25*r + 16. Let l be a(-4). Suppose 45*x = 50*x - l. What is the remainder when x is divided by 17?
14
Suppose -3*f - 4*u = 8, -3*u + 7 = 5*f + 24. Let s(r) be the third derivative of -r**4/24 + 2*r**3 + 2*r**2. What is the remainder when 125 is divided by s(f)?
13
Let i(f) = 8 - 43 - 6*f - 4*f + 11*f + f**2 - 2*f. Calculate the remainder when i(-10) is divided by 30.
15
Suppose -5*l = -2*l - 4*x - 2183, 0 = -3*l - 4*x + 2215. Suppose 5*m - 17 = l. Calculate the remainder when m is divided by 19.
17
Let g(c) = -2*c**2 - 44*c - 61. What is the remainder when 9641 is divided by g(-19)?
48
Let m(p) = -2*p**3 + 21*p**2 + 143*p. Let z(y) = 33*y - 4. Calculate the remainder when z(6) is divided by m(-5).
14
Let s = 1540 - 1504. Calculate the remainder when 429 is divided by s.
33
Let o be (6 + 45/(-10))*(-1 + 97). Let w = o - 122. Let g = 23 - -18. What is the remainder when g is divided by w?
19
Let g be 1/4*(-12)/(-3)*2. Let p(a) = -a + 3. Let w be p(g). Calculate the remainder when 17 is divided by (w/2 + (-4)/(-2))*2.
2
Suppose 2*c = -c + 63. Let w = c - 15. Calculate the remainder when 11 is divided by w.
5
Let a(u) = -u**3 - 3*u**2 - 8*u - 10. Let y = -18 - -21. Suppose -k + 2*s = -21, k - 6*s + y*s = 18. What is the remainder when k is divided by a(-3)?
13
Let g = 25661 + -25609. Calculate the remainder when 6135 is divided by g.
51
Let y = 49 - -185. Let q = 310 - y. What is the remainder when q is divided by 13?
11
Let b be 1/4*22*52. Suppose -5*i + 24 = -b. Let a = 17531 - 17510. What is the remainder when i is divided by a?
20
Let a be 5*6/(-6) - 303. Let o = a - -311. What is the remainder when 14 is divided by o?
2
Suppose -13*y = -23*y + 920. Suppose -2*k - 4 = 0, -4*a - 11 = 3*k - 113. Calculate the remainder when y is divided by a.
11
Let s(g) = g**3 + 33*g**2 + 15*g + 28. What is the remainder when s(-17) is divided by 27?
23
What is the remainder when 7290 is divided by ((-128)/40 + 2)*((-130)/4 - 0)?
36
Suppose 3*y - 4*s = -0*s + 177, y - 4*s = 67. Let f = -79 - -64. Calculate the remainder when 70 is divided by 3 + y/f*-9.
34
Let z(w) = 2*w + 7. Let o(h) = -3*h - 12. Let u(i) = 3*o(i) + 5*z(i). Let x be u(13). Suppose 7*y = x*y - 65. Calculate the remainder when y is divided by 7.
6
Let m(k) = -4*k**3 - 9*k**2 + 19*k + 5. Let d be (-4)/(-4)*(-62)/1. Calculate the remainder when m(-4) is divided by (-2)/(-3) + d/(-6).
8
Let l(k) = 4*k + 1. Let u(y) = -4*y + 110. Let m(r) = 5*l(r) + u(r). Calculate the remainder when m(-3) is divided by 65.
2
Suppose -3*l - 613 = -79. Let p = l + 352. What is the remainder when p is divided by 35?
34
Let d(f) = 3*f**2 - 322*f + 1652. Calculate the remainder when d(125) is divided by 45.
42
Suppose 31*z + 55*z - 40 = 304. Calculate the remainder when 8443 is divided by z.
3
Let t = 14159 + -13225. What is the remainder when t is divided by 231?
10
Let q(j) = 211*j - 1032. Let i(k) = -k**3 + 9*k**2 - 10*k + 6. Let u be i(8). Let p = 25 + u. Calculate the remainder when q(5) is divided by p.
8
Let o = -200 - -216. Suppose 8*r - 33 = 7. What is the remainder when o is divided by r?
1
Calculate the remainder when 821 is divided by (-780)/(-325)*(-10)/(-6) - -158.
11
Let l = 41448 + -41437. Let p = 12 - 6. Suppose p*z - 145 = z. Calculate the remainder when z is divided by l.
7
What is the remainder when 812 is divided by (2/(-6))/(12529/2508 - 5)?
52
Suppose 3*x = -i + 125, 14*x - 9*x = -5*i + 225. What is the remainder when 162 is divided by x?
2
Let c(s) = -s**3 + 12*s**2 - 21*s + 7. Let w be c(10). Let p(k) = -82*k + 11. What is the remainder when p(w) is divided by 13?
10
Let x = 133 - 133. Suppose -4*n - n + 80 = x. What is the remainder when n is divided by (31/4 - 2/(-8))/2?
0
Suppose -12 = a - 5*a. What is the remainder when a/(-6)*18*-1 is divided by (-20)/(520/442) - -22?
4
Suppose -180*z + 53*z = -186399 + 37301. What is the remainder when z is divided by 14?
12
Let y(d) = 2*d - 6. Suppose 3*c + 1 = 4*k - 7, 5*c - 45 = -5*k. Suppose 0 = 3*q - c*q + 9. Calculate the remainder when 23 is divided by y(q).
11
Suppose -30*z = -18*z. Suppose z = -19*b + 10*b + 468. Calculate the remainder when 137 is divided by b.
33
Let u(k) = -24*k + 4. Let y(p) = -9*p**3 + 62*p**2 + 10*p + 6. What is the remainder when u(-4) is divided by y(7)?
19
Suppose -p + 2*p = -2. Suppose 16 = 3*a - a. Calculate the remainder when (-38)/p*2/(-8)*-4 is divided by a.
3
Let w be 1025/75*(-2 + 5). Calculate the remainder when 157 is divided by ((-2)/2)/(4 - w/10).
7
Let x(c) = 